 -2*o**3 + 13*o**2 - 7*o + 4. Let i be a(6). Give u(i).
-4
Let g = 34891/299580 - -1/4993. Let v(r) be the third derivative of 0 + 1/12*r**4 + g*r**5 + 3/2*r**3 + 0*r + 1/120*r**6 - 8*r**2. Calculate v(-7).
-5
Let c(v) = v**3 + 5*v**2 - 8*v - 3. Let w = 192 - 337. Let o = -151 - w. Give c(o).
9
Let z(f) = -21*f**3 - f**2. Suppose -9*d + 2 = 2*u - 13*d, -5*d - 1 = -u. What is z(u)?
-22
Let i(x) = -3*x - 9. Suppose 4*m - 7*m + 6 = 0. Suppose 0 = -m*c - 3 - 9. What is i(c)?
9
Let k(t) = t**2 - 37*t + 43. Let w be k(36). Let l(h) = h**3 - 7*h**2 - h + 3. What is l(w)?
-4
Let x(h) = -h**2 - 9*h - 6. Let k = 8 - -9. Suppose l + k = 10. Give x(l).
8
Let o(b) = 7*b**2 - 9*b - 13. Let i(y) = 12*y**2 - 18*y - 25. Let u(j) = 4*i(j) - 7*o(j). Give u(-6).
9
Let y(p) be the third derivative of -p**5/60 - p**4/2 - 5*p**3 - 10*p**2 + p. Calculate y(-7).
5
Let r = 4 - 4. Suppose r*t = -4*t + 12. Suppose 3*k = -0*o - 5*o + 5, t*o - 19 = -5*k. Let v(f) = f**3 - 5*f**2 - 2*f + 2. Give v(k).
-8
Let s(i) = i**2 + 4*i + 3. Let a(l) = 159*l + 3 - 328*l + 162*l. Let w be a(1). Determine s(w).
3
Let t(w) = w + 2. Let p(m) = 4 + 4*m + 47*m**2 - 46*m**2 + 2*m. Let c be p(-4). What is t(c)?
-2
Let t(m) = -m**2 - 3*m + 1. Let l be ((88/5)/(-2))/((-2)/(-15)). Let j = l + 64. Determine t(j).
3
Suppose 5*f = 4*s + 45, 2 = -5*s - 2*f - 13. Let b(p) = p**3 - p**2 + p. Let u(v) = 4*v**3 - 11*v**2 + 7*v + 8. Let m(o) = s*b(o) + u(o). What is m(-6)?
-4
Let g(k) = k**2 + 2*k + 1. Let x(u) = u**3 - 8*u**2. Let q(s) = 3*s**3 - 16*s**2 - 1. Let n(w) = 2*q(w) - 5*x(w). Let m be n(-8). Give g(m).
1
Let b(q) be the second derivative of -q**4/24 - q**3/6 + 23*q**2/2 - 14*q. Let p(g) be the first derivative of b(g). Calculate p(-1).
0
Let q(l) = l**3 - 5*l**2 - l - 3. Suppose -z - 2*h + 3 = 0, 0*h + 4*h - 11 = -3*z. Suppose -r = 3*r. Suppose m + r = z. Give q(m).
-8
Let v(z) = z + 0*z - 1 + 0*z. Let l(x) be the first derivative of -x**3/3 + 2*x**2 - x - 10. Let o be l(3). What is v(o)?
1
Let y(f) = f**3 + 17*f**2 + 15*f - 22. Let c = -1681 - -1665. Calculate y(c).
-6
Let j(m) = 15*m**3 + 2*m**2 - 1. Suppose 2*l + 5*c = 23, l - 11 - 13 = -5*c. Determine j(l).
-14
Let c be (-16 + -4)/(-4) + -5. Let k(g) = 13 - 4*g + 3*g + c*g. Give k(6).
7
Let q(v) = 12*v + 12. Let i be q(7). Suppose 12*m - i = 6*m. Suppose 11*z = m*z. Let k(c) = c - 6. Calculate k(z).
-6
Let f(m) = -m**3 + m + 27. Let c be f(0). Let z = c + -29. Let h(l) = 4*l + 1. What is h(z)?
-7
Suppose -3*b + 5*b - 8 = 0. Let i be (12/15)/(b/10). Let d(h) = 312*h + h**i - 312*h + 6. What is d(0)?
6
Let m be (2 + (-14)/5)/(1/(-55)). Let t(c) = m + 6*c**3 - 44. What is t(1)?
6
Suppose -5*y + 7*y = 14. Let w(t) = 63 + t - 34 - y - t**2. Determine w(0).
22
Let f(d) = -d**2 - 10*d + 5. Let t = 188 + -198. What is f(t)?
5
Let t(k) = k**2 + 38*k + 84. Let a be t(-36). Let p(h) = h**2 - 12*h. Give p(a).
0
Let w(f) = -6*f**3 + 5*f - f + 2*f**3 + 5 - 6*f**2 - f + 5*f**3. Calculate w(5).
-5
Let n(v) = -v**3 - 7*v**2 + 7*v - 1. Let i be n(3). Let m be 105/i*8/(-3). Let y(q) be the second derivative of -q**3/6 + 5*q**2/2 - q. What is y(m)?
1
Let x(u) = 10*u**2 - u + 12. Let w(v) = 34*v**2 - 2*v + 38. Let h(t) = -3*w(t) + 10*x(t). Determine h(-5).
-24
Suppose -19*s + 13 = 13. Let v(u) be the third derivative of 0*u**4 + 0 + 5*u**2 + 1/20*u**5 + 0*u + s*u**3. Determine v(1).
3
Let h(a) be the first derivative of -a**4/4 - 7*a**3/3 - 3*a**2/2 - 9*a - 12. Calculate h(-7).
12
Let y(i) = 3*i. Let s(v) = v**2 + v + 4. Let q be s(0). Suppose 0 = 2*u - q*w + 8, 2*u + u = 2*w - 4. Suppose -2 = p - u. Calculate y(p).
-6
Suppose 0 = -3*j + 12 + 168. Suppose 8*l + 2*l + j = 0. Let x(k) = k**3 + 6*k**2 + k + 5. Determine x(l).
-1
Let m(u) be the first derivative of u**3/3 - 4*u - 1. Suppose -q - 9 = 4*b, -2*b - 43 = q - 4*q. Suppose 7*f - q*f = 0. Give m(f).
-4
Let m(c) be the second derivative of -c**7/420 + c**6/180 + c**5/40 - c**4/12 + c**3 + 11*c. Let f(t) be the second derivative of m(t). Determine f(2).
-4
Let t(h) = -h**2 - 2*h - 8. Let k(s) = 7*s**2 - 2*s. Let u be k(0). What is t(u)?
-8
Suppose -10 = k + p, 11*p + 7 = 10*p. Let j(r) = -4 - r + 1 + r**3 + 2*r**2 + 2. Calculate j(k).
-7
Let o(k) = -63 - 4*k + 5*k - 75 + 163. What is o(-11)?
14
Let w(c) = -c**2 - 6*c + 3. Let g be w(-6). Let l(y) = 3 + 1 + 34*y**2 - 19*y**2 - 16*y**2. Give l(g).
-5
Let p(a) = a**3 - a**2 + 4. Let w = -1 + 3. Suppose -w*b = -b. Let c be p(b). Let y(u) = u**3 - 4*u**2 + 3*u - 5. Give y(c).
7
Let a(w) be the third derivative of -w**5/30 - w**4/24 - w**3/3 + 184*w**2. What is a(-4)?
-30
Let y(n) = -2*n + 11. Suppose -u + 17*q - 20*q + 2 = 0, 0 = q + 2. Determine y(u).
-5
Let z(n) be the second derivative of n**3/6 + 681*n. Let r = -6 - -13. What is z(r)?
7
Suppose 589*r + 5*i - 30 = 584*r, -2*r = -4*i + 12. Let m(x) = -3 + 2 + 2 + x - 2*x**2. Determine m(r).
-5
Let o be 4/(((-8)/(-10))/((-8)/(-20))). Let w(x) = 0 - x - o + 0. Calculate w(5).
-7
Let d(s) = -6*s + 73. Let r be d(13). Let h(q) = -2*q**2 - 4*q + 3. What is h(r)?
-27
Let d(c) be the second derivative of c**3/3 + 11*c**2/2 + 31*c. Determine d(-6).
-1
Let c(a) = -2*a**3 - 4*a**2 + 17*a. Let h be c(-4). Let p(z) be the third derivative of z**6/120 + z**5/20 - z**4/8 + z**3/6 - 12*z**2. Determine p(h).
-3
Let q be 1/2*(-10)/(-1). Let j = -8 + q. Let c(a) = -3*a**2 - a**3 + 1 - 3*a - a + 10*a - 6*a. What is c(j)?
1
Let l(j) = j**3 + 8*j**2 - 6*j + 11. Let n = 1564 + -1573. Give l(n).
-16
Let p(h) be the first derivative of -h**4/4 - h**3/3 + h**2 + 25*h + 857. Determine p(0).
25
Let l(i) = i**2 - 9*i + 8. Let p(y) be the second derivative of y**5/10 + 8*y**4/3 + y**3/6 + 12*y**2 + 41*y. Let w be p(-16). Determine l(w).
0
Let y(i) be the third derivative of i**5/60 + i**4/8 - i**3/2 - 117*i**2. Give y(5).
37
Let h(y) = y**3 - 14*y**2 - 15*y - 1. Let g(l) = -l**3 + 7*l**2 + 11*l - 9. Let u be g(8). Give h(u).
-1
Let z(f) = 3*f - 5. Let t be z(4). Let j(n) = n**3 - 6*n**2 - 7*n - 11. Calculate j(t).
-11
Let b(v) = 7*v**2 - 9*v + 2. Let d(m) = 8*m**2 - 11*m + 4. Let k(u) = 7*b(u) - 6*d(u). Determine k(-5).
0
Let y(i) = -7*i**3 - 2*i**2 + 1 + 4*i**3 + 8*i**3 - 6*i**3. Let m(b) = -2*b - 3*b**3 + 4*b**3 - b**2 - 2 - b**2 + 5. Let w be m(2). Calculate y(w).
0
Let z(x) = -4*x**3 + 3*x**3 + 12*x**2 - 9*x + 16*x**2 - 1 - 37*x**2. Determine z(-8).
7
Let l(v) = -v**2 - 3*v - 7. Let y(p) = -3*p**2 - 7*p - 15. Let j(a) = 7*l(a) - 3*y(a). Let z(s) = -109*s + 439. Let u be z(4). Give j(u).
14
Let j(o) = 2*o - 3. Let d be 0/4*1*(-3)/(-6). Suppose -12 = -2*l + 4*x - d*x, -3*l = -4*x - 16. What is j(l)?
5
Let r(p) be the third derivative of -p**6/120 - 2*p**5/15 - 5*p**4/24 + p**3 - 104*p**2. What is r(-7)?
-8
Let i = 16 + -13. Let j(s) = 20*s**i + 17*s**3 - 36*s**3 - 4 - 5*s**2. Give j(4).
-20
Let r(i) be the third derivative of i**6/120 + i**5/60 - i**4/12 - i**3/3 - 44*i**2. What is r(-2)?
-2
Suppose -29*p + 32*p - 4*v - 26 = 0, -3*p - 19 = 5*v. Let m(a) = 10*a**3 - 2*a**2 - a + 2. What is m(p)?
72
Let n(s) = -74 - 93 - s - 89 + 278. Calculate n(7).
15
Let s(p) = -2*p**3 + 24*p**2 + 2*p - 17. Let l be s(12). Let q(b) = -b**3 + 6*b**2 + 5*b - 4. Determine q(l).
-18
Let j(y) = 5*y - 34. Let f(k) = k - 7. Let i(o) = -11*f(o) + 2*j(o). What is i(8)?
1
Suppose -g - g + f - 22 = 0, g = -4*f - 20. Let d be (-20)/g*(-18)/(-5). Let w(z) = z**2 - 6*z - 4. What is w(d)?
-4
Let u(k) = k + 14. Let q be u(-10). Let c be (-3 + 2 + 0)*q. Let i(y) = y**2 + 3*y + 3. Give i(c).
7
Let t(z) = 7*z**2 - 4*z - 57. Let r(l) = -6*l**2 + 3*l + 47. Let a(g) = 5*r(g) + 4*t(g). What is a(-3)?
-8
Let n(d) be the second derivative of -d**7/840 + d**6/180 - d**5/40 + d**4/8 - d**3 - 8*d. Let c(f) be the second derivative of n(f). What is c(2)?
-3
Let t(l) = -l**3 - 9*l**2 - 7*l + 11. Let f(c) = c**3 + 9*c**2 + 5*c - 12. Let o(n) = 4*f(n) + 3*t(n). Determine o(-9).
-6
Let p(l) = -13*l + 139. Let t be p(11). Let w(z) = 2*z**2 - 3*z - 1. Let r(k) = -3*k**2 + 6*k + 1. Let y(n) = 3*r(n) + 5*w(n). Determine y(t).
2
Let r(g) = -g**2 - 7*g + 23. Let b be r(-10). Let x(d) = -d**3 - 8*d**2 - 6*d + 14. Give x(b).
7
Let w(m) = -2*m**2 + 32*m - 107. Let l be w(5). Let r(x) = 2*x**2 + 4*x. What is r(l)?
30
Let s be 4/(-14) + (-6050)/(-350). Let t(c) = c**2 - 15*c - 41. Give t(s